4 and 13872714?
102
Calculate the highest common divisor of 185 and 373800825.
185
Calculate the greatest common divisor of 1050 and 4395258.
42
What is the greatest common factor of 172 and 490916?
4
What is the greatest common divisor of 1084 and 52574?
542
Calculate the highest common divisor of 124383 and 21623.
7
What is the highest common divisor of 56 and 32659688?
8
What is the greatest common factor of 3640 and 46549048?
728
What is the greatest common factor of 2699377192 and 8?
8
What is the highest common factor of 851 and 49658366?
37
Calculate the greatest common divisor of 1088 and 163516472.
136
What is the highest common divisor of 11065499 and 562?
281
What is the greatest common factor of 395566875 and 12786?
6393
Calculate the highest common factor of 20 and 40731430.
10
What is the greatest common factor of 1316 and 30945082?
658
Calculate the greatest common factor of 53235597 and 3151.
137
Calculate the highest common divisor of 891 and 6203340.
99
What is the highest common factor of 797424 and 141884?
1796
What is the greatest common divisor of 820 and 3978558?
82
What is the greatest common factor of 58096336 and 1929?
643
What is the highest common divisor of 4269916 and 28?
28
What is the greatest common divisor of 696 and 25752?
696
Calculate the highest common divisor of 10322 and 186134.
26
Calculate the greatest common factor of 206619 and 336.
21
What is the highest common factor of 1188953 and 20837?
311
Calculate the highest common divisor of 18086 and 1114.
2
Calculate the highest common divisor of 59413 and 89680.
1121
What is the greatest common divisor of 1284288 and 1002?
6
Calculate the highest common factor of 182112 and 159264.
672
Calculate the highest common factor of 92905 and 374085.
85
What is the greatest common divisor of 37 and 42179?
1
What is the greatest common divisor of 159 and 115539629?
53
Calculate the greatest common divisor of 450024 and 388144.
136
What is the highest common divisor of 10004 and 1698362?
122
Calculate the greatest common divisor of 884 and 1622080.
4
Calculate the highest common factor of 31170 and 345.
15
What is the highest common factor of 301140 and 144?
36
What is the highest common divisor of 360387 and 821752?
1741
Calculate the greatest common divisor of 96 and 115679712.
96
What is the highest common factor of 48240213 and 42?
21
Calculate the highest common divisor of 1262 and 245773238.
1262
What is the highest common factor of 200779480 and 10?
10
What is the greatest common factor of 138542291 and 1839?
613
Calculate the highest common factor of 990270710 and 7436.
3718
Calculate the highest common factor of 252895 and 19240.
185
What is the greatest common factor of 1616048 and 555056?
4912
What is the greatest common divisor of 10744071 and 39?
39
Calculate the greatest common divisor of 1546 and 980536586.
1546
Calculate the greatest common factor of 266 and 2479462.
38
What is the greatest common divisor of 52377 and 5216212?
1343
What is the greatest common divisor of 26653 and 3729?
11
Calculate the greatest common factor of 165759503 and 686.
49
Calculate the greatest common divisor of 12 and 51261474.
6
Calculate the highest common divisor of 30926034 and 17670.
3534
What is the highest common factor of 9984 and 1888512?
768
What is the highest common divisor of 570828 and 252?
12
Calculate the greatest common factor of 13104882 and 147112.
518
What is the highest common factor of 1149 and 1529319?
1149
What is the highest common factor of 3427 and 954868?
23
Calculate the highest common factor of 2153827 and 1118.
559
What is the greatest common divisor of 1265 and 174241100?
1265
Calculate the greatest common factor of 20 and 501617380.
20
Calculate the highest common factor of 21009 and 2405754.
447
Calculate the greatest common divisor of 1643 and 514445.
31
Calculate the highest common divisor of 1306073 and 79203.
1553
Calculate the greatest common factor of 63207568 and 6560.
656
What is the highest common factor of 146728505 and 6160?
385
Calculate the highest common factor of 2961 and 1540848.
141
What is the highest common divisor of 2515942 and 24662?
418
What is the greatest common divisor of 109799 and 60298?
59
Calculate the greatest common factor of 22368643 and 946.
473
What is the highest common factor of 24070 and 87638?
58
Calculate the highest common divisor of 459 and 1990683.
459
What is the highest common divisor of 7643225 and 725?
25
What is the greatest common divisor of 942304 and 15752?
88
What is the highest common divisor of 708885 and 5607?
801
Calculate the highest common divisor of 148501162 and 8.
2
What is the highest common factor of 14943 and 4570800?
879
Calculate the greatest common divisor of 5638924 and 4.
4
Calculate the highest common divisor of 123740 and 14260.
460
Calculate the highest common divisor of 5650253 and 177.
59
Calculate the greatest common factor of 4228061 and 23994.
43
What is the highest common factor of 8560 and 1788464?
16
What is the highest common divisor of 12 and 65693778?
6
Calculate the highest common divisor of 655669 and 142933.
49
What is the highest common factor of 224 and 3196508?
28
Calculate the greatest common divisor of 60 and 286295340.
60
Calculate the highest common factor of 364100 and 93335.
55
What is the greatest common factor of 499698034 and 374?
374
Calculate the greatest common factor of 75646 and 1046182.
218
Calculate the greatest common factor of 1062215 and 7879487.
2387
Calculate the highest common divisor of 311 and 5681659.
311
Calculate the greatest common factor of 168 and 1421448.
168
What is the greatest common divisor of 81974414 and 982?
982
Calculate the highest common divisor of 7918120 and 10.
10
What is the highest common factor of 8305450 and 125?
25
Calculate the highest common factor of 23997048 and 64263.
2073
Calculate the greatest common factor of 182930796 and 180.
36
What is the highest common factor of 728 and 6927284?
364
What is the greatest common divisor of 3627 and 8190?
117
Calculate the highest common factor of 3272588 and 4.
4
What is the greatest common divisor of 9 and 5964507?
9
What is the greatest common divisor of 9399 and 378560390?
3133
What is the highest common factor of 1144 and 18425836?
572
What is the highest common divisor of 1218 and 89128536?
42
Calculate the greatest common factor of 1607168 and 166367.
3139
What is the highest common divisor of 45592322 and 316?
158
Calculate the highest common factor of 557407038 and 2076.
1038
What is the greatest common divisor of 242744 and 704?
8
Calculate the greatest common factor of 1170 and 74230.
130
What is the greatest common divisor of 1847 and 4552?
1
What is the highest common factor of 2804814 and 4644?
54
What is the greatest common factor of 160 and 1783730?
10
What is the greatest common divisor of 6880 and 683168?
32
What is the highest common divisor of 6524540 and 44?
44
What is the highest common divisor of 10089 and 44219556?
531
Calculate the greatest common factor of 8741690 and 310.
310
What is the highest common divisor of 8531377 and 43209?
4801
What is the highest common divisor of 232 and 322306?
58
Calculate the highest common divisor of 109850 and 15900.
50
What is the highest common divisor of 8170 and 15865?
95
What is the highest common factor of 3 and 1544658?
3
What is the highest common divisor of 7683758 and 80704?
194
Calculate the highest common factor of 1985900 and 1700.
100
What is the highest common divisor of 977537997 and 71496?
8937
Calculate the greatest common factor of 50265 and 246060.
45
What is the highest common divisor of 6156912 and 1254?
114
What is the highest common divisor of 72 and 170948?
4
What is the highest common divisor of 1411 and 3203136?
83
Calculate the highest common divisor of 344666 and 7742.
98
Calculate the greatest common divisor of 4 and 646849036.
4
Calculate the greatest common divisor of 5694745 and 1190.
595
What is the highest common divisor of 2502 and 1607535?
1251
Calculate the highest common factor of 536091022 and 34.
34
Calculate the greatest common factor of 54843300 and 300.
300
Calculate the greatest common divisor of 476613 and 2.
1
What is the highest common factor of 261